01112222
In base 14, what is -6a87a33 - a?
-6a87a3d
In base 9, what is 14014 + -1130?
12774
In base 9, what is 6476 - 40676?
-33200
In base 2, what is -10 - 1011010001101001?
-1011010001101011
In base 7, what is 325304 - -1021?
326325
In base 13, what is -14 + -258901?
-258915
In base 8, what is -150055141 + 7?
-150055132
In base 11, what is -4966 + 843?
-4123
In base 15, what is -2c89 + 2e3e?
1a5
In base 13, what is 4436bb3 + 1?
4436bb4
In base 13, what is -4ab99 - -111?
-4aa88
In base 11, what is -218 + -24827?
-24a44
In base 16, what is c2 + -21e6e?
-21dac
In base 6, what is 1131512341 + 0?
1131512341
In base 9, what is -37606 - 44?
-37651
In base 3, what is -112 + -2220221222000020?
-2220221222000202
In base 8, what is 111167 + -2121?
107046
In base 10, what is -171652494 + 0?
-171652494
In base 2, what is 110 + 111101001111110110100?
111101001111110111010
In base 7, what is 52 + 51124?
51206
In base 3, what is 1200010011112101 - -201?
1200010011120002
In base 5, what is -4020221 - -111434?
-3403232
In base 3, what is -1210221121210 - 201?
-1210221122111
In base 16, what is -8 + 27d74?
27d6c
In base 2, what is 100000010 - 10101110000100111010?
-10101110000000111000
In base 4, what is -21003022313 - 111?
-21003023030
In base 8, what is -17114 - 1421?
-20535
In base 14, what is 66d1 + 818?
7109
In base 3, what is 20 - 22221221200020?
-22221221200000
In base 9, what is 265074660 + -3?
265074656
In base 8, what is -536203151 + 0?
-536203151
In base 8, what is -4516625 + 2?
-4516623
In base 2, what is 100 - -1100111000010101010100?
1100111000010101011000
In base 4, what is 2 + -30022211202003?
-30022211202001
In base 10, what is 16520550 + -1?
16520549
In base 7, what is -221464646 + 4?
-221464642
In base 13, what is 2 - 1844299?
-1844297
In base 11, what is 386670 - 9?
386662
In base 10, what is -66 - 2583983?
-2584049
In base 9, what is -4772 + 7?
-4764
In base 10, what is -1 - 16872939?
-16872940
In base 12, what is a92b22 - 33?
a92aab
In base 9, what is 8 - -1285874?
1285883
In base 5, what is 1131 + 323140?
324321
In base 15, what is -112 + 25458?
25346
In base 14, what is -34a1694 + 3?
-34a1691
In base 13, what is -9 - -c2bc6?
c2bba
In base 12, what is -409a - -25968?
2188a
In base 3, what is 11120020100022 - 11?
11120020100011
In base 16, what is -20d - -93bb7?
939aa
In base 3, what is 10021210120010 - -10?
10021210120020
In base 4, what is -333211313222 + 0?
-333211313222
In base 4, what is 2230 - 3331002313?
-3331000023
In base 3, what is -100122 + -1210202202222?
-1210210010121
In base 16, what is -7a + -10f25?
-10f9f
In base 14, what is 6009084 + -3?
6009081
In base 9, what is -13 - 1358785?
-1358808
In base 8, what is 1267455 - -205?
1267662
In base 3, what is 1001111 - -11110112200?
11111121011
In base 14, what is -69 + -b6485?
-b6510
In base 3, what is -10010122011000111 + 202?
-10010122010222202
In base 2, what is 1011101100001001011001110011 - -1?
1011101100001001011001110100
In base 12, what is -10748b + -9?
-107498
In base 6, what is -12 - 2412122?
-2412134
In base 14, what is -53 + 71824?
717b1
In base 15, what is -3e + 960?
921
In base 11, what is a - -27a9791?
27a97a0
In base 8, what is 567534016 - 5?
567534011
In base 10, what is 3405 - -2122?
5527
In base 7, what is -31616203 - -22?
-31616151
In base 4, what is -12 + 3122131033322?
3122131033310
In base 16, what is 69e4 - 66?
697e
In base 11, what is -192 + -181942?
-182024
In base 10, what is 13 + -35010662?
-35010649
In base 9, what is -1532 + 17615?
16073
In base 16, what is 52 - 52507?
-524b5
In base 13, what is -10c44 - -355?
-108bc
In base 8, what is 7253 - 71?
7162
In base 5, what is 103420 - -2232303?
2341223
In base 16, what is f3bf7 - c?
f3beb
In base 12, what is b - -2096507?
2096516
In base 9, what is -4233813 + -4?
-4233817
In base 14, what is -63 + -216925?
-216988
In base 11, what is -1618a - -2?
-16188
In base 12, what is 22208 + 1b?
22227
In base 15, what is 5e73b8 + -87?
5e7331
In base 15, what is -5d - 1bb24?
-1bb82
In base 2, what is 11101110001000001 - -1111000?
11101110010111001
In base 8, what is 12 + 3403642?
3403654
In base 10, what is -61751 + -2961?
-64712
In base 13, what is 128442b - -4?
1284432
In base 12, what is 680 - -3?
683
In base 6, what is -1513 + 1250511?
1244554
In base 15, what is -1624 + 2d5e?
173a
In base 5, what is -243 - 22014231?
-22020024
In base 12, what is -9 + -b2b22a?
-b2b237
In base 15, what is -db6ea + 14?
-db6d6
In base 8, what is 2 - 257604676?
-257604674
In base 5, what is 12 + 20141440320?
20141440332
In base 15, what is 2 - -36b57a?
36b57c
In base 8, what is -3643 + -4150?
-10013
In base 8, what is -33734 - 11?
-33745
In base 3, what is -221010 + -120200021111?
-120201012121
In base 8, what is 406001 + -113?
405666
In base 11, what is -329 + -4659?
-4987
In base 5, what is 2204012221 - 1?
2204012220
In base 8, what is 641154670 - 2?
641154666
In base 11, what is 1348 + -66100?
-64863
In base 5, what is 4044202 - 1040?
4043112
In base 14, what is 466b3b - 0?
466b3b
In base 12, what is -2107 + 526?
-17a1
In base 6, what is 3 + 54010501?
54010504
In base 15, what is 70 - -4cc61?
4ccd1
In base 8, what is 2231504 - 0?
2231504
In base 12, what is 251605a0 + -4?
25160598
In base 11, what is -677 + -21386?
-21a52
In base 14, what is -9 + b2a35?
b2a2a
In base 6, what is 1 - -325423144?
325423145
In base 15, what is -79 + -1d204?
-1d27d
In base 4, what is -2321 + -20111022?
-20120003
In base 15, what is 0 + -7d8268?
-7d8268
In base 15, what is -a2d4 + 81?
-a253
In base 2, what is -11001010111111101100010 + 0?
-11001010111111101100010
In base 7, what is -461 + 435144?
434353
In base 9, what is -2560344 + -4?
-2560348
In base 15, what is -3a30e + 2b?
-3a2d3
In base 10, what is 136 + 20335?
20471
In base 9, what is -10401647 + 0?
-10401647
In base 16, what is 2486de - -54?
248732
In base 16, what is 10e78 + -28a?
10bee
In base 16, what is 4 + -2f68?
-2f64
In base 10, what is 623015961 - -2?
623015963
In base 11, what is 527875a7 - -2?
527875a9
In base 7, what is 16404161 + 35?
16404226
In base 8, what is 1321050 + 50?
1321120
In base 9, what is 627 + -504378?
-503651
In base 13, what is -8 + -279a85?
-279a90
In base 13, what is 661 - 84b5?
-7b54
In base 8, what is 65 - -36473032?
36473117
In base 6, what is -1320 + 114452?
113132
In base 14, what is -97b8 - 17b4?
-b18c
In base 14, what is -424b77 + -a?
-424b83
In base 9, what is 4 + -230446608?
-230446604
In base 15, what is 1b641 + -b6?
1b57a
In base 10, what is 4 - 1244459?
-1244455
In base 12, what is -1509 + -2207a7?
-2220b4
In base 16, what is -96 + -3b21?
-3bb7
In base 10, what is 261192 - -460?
261652
In base 8, what is 2 + -1754227?
-1754225
In base 15, what is 4 - 597586?
-597582
In base 14, what is -5 + -63ca21c?
-63ca223
In base 5, what is 44014032 + 1323?
44020410
In base 2, what is -110011 - 11011111001?
-11100101100
In base 9, what is -22416555 + 24?
-22416531
In base 7, what is 1 + -21116162?
-21116161
In base 15, what is -1957 - 1d?
-1975
In base 4, what is -132010 - 1103?
-133113
In base 7, what is 3 + -5016464326?
-5016464323
In base 7, what is 4152105 - -144?
4152252
In base 3, what is -2002100 + 122002210?
120000110
In base 2, what is -1010 - 1010110000111110001111?
-1010110000111110011001
In base 10, what is -85 + -107568?
-107653
In base 9, what is -5323288 - 142?
-5323441
In base 7, what is -2165650440 - 5?
-2165650445
In base 8, what is -445466 - 6766?
-454454
In base 14, what is -17867 - 1618?
-19081
In base 12, what is -10 - -6184323?
6184313
In base 14, what is 10 + -d7118a?
-d7117a
In base 5, what is 10 - -1224032212?
1224032222
In base 11, what is 20 - 1197956?
-1197936
In base 9, what is -5 - 8486247?
-8486253
In base 14, what is 4 - 2b9896?
-2b9892
In base 2, what is 110011101 + 101110101101100010?
101110110011111111
In base 13, what is 152 - 101ac?
-1005a
In base 3, what is 210212020110200 + -120?
210212020110010
In base 11, what is -3 + 4759942?
475993a
In base 8, what is 43643062 - -64?
43643146
In base 9, what is 20 - 468453?
-468433
In base 4, what is 30 - -1010230010112?
1010230010202
In base 5, what is -1401 + -1300220?
-1302121
In base 11, what is -3 - -371986a?
3719867
In base 12, what is -b45a7 + -b5?
-b46a0
In base 3, what is -22011